on divisor of o and 33.
11
Let v be (-39)/6*4/(-1). Let g be (8/8)/(2/(-30)). Let r = v + g. Calculate the highest common divisor of 55 and r.
11
Let k = -19 - -96. What is the greatest common factor of 7 and k?
7
Suppose 0 = 5*p - 5*a - 1180, 8*a - 20 = 3*a. Calculate the highest common factor of p and 96.
48
Let k(r) = r + 21. Let p be k(-16). Suppose p*f + 4*v - 146 = 0, 3*f - 3*v - 66 = -0*v. What is the highest common divisor of 39 and f?
13
Suppose -45 - 39 = -4*k. Let h = -152 - -257. What is the greatest common factor of h and k?
21
Suppose -4*b - 26 = -o, o = 5*b - 0*o + 32. Let g = 4 - b. Suppose x + 30 = 4*x. What is the greatest common factor of x and g?
10
Let k be 7 + 0 + (-9)/3. Suppose 5*w - 360 = 4*c, k*w = 2*w + 2*c + 144. Calculate the highest common divisor of 18 and w.
18
Let t = 85 + -60. Calculate the greatest common divisor of 175 and t.
25
Let y be -1 + 54 + (-6)/(-2). What is the greatest common divisor of y and 7?
7
Let z = -8 + 6. Let q = z + 4. Suppose -3*l + q + 1 = 0. What is the highest common divisor of 6 and l?
1
Let o(m) = m**3 + 11*m**2 + 5*m - 14. Let s be o(-10). Let r(k) = 2*k. Let p be r(6). What is the greatest common divisor of p and s?
12
Let j(p) = 6*p + 21. Let r be j(19). Calculate the greatest common factor of 54 and r.
27
Let y be (7 - 9) + (-6)/(-2). Calculate the greatest common divisor of 1 and y.
1
Let l(p) = p**3 + 6*p**2 - p + 8. Let n be l(-6). Calculate the greatest common factor of n and 2.
2
Suppose -2 = k + 1. Let p(i) be the first derivative of i**3/3 + i**2 + i + 2. Let z be p(k). Calculate the greatest common divisor of 20 and z.
4
Let l(j) = -9*j - 12*j - 7*j. Let g be l(-4). What is the greatest common divisor of g and 16?
16
Let t = 7 - 5. Let p(c) = 3*c - 2. Let a be p(t). Suppose -q + 6 = -a. What is the greatest common divisor of 10 and q?
10
Let q be 480/78 + 4/(-26). Let w be (1 + -37)*1/(-2). What is the greatest common divisor of w and q?
6
Suppose -2*x + 4*t + 6 = 0, x = 3*x + 2*t. What is the highest common factor of 8 and x?
1
Let s(m) = 4*m**2. Let x be s(-1). Suppose -p - 13 + 14 = 0. Calculate the greatest common divisor of x and p.
1
Suppose -71 = -2*h - 7. Calculate the highest common divisor of 4 and h.
4
Let g be (-3 + 4)/((-1)/(-26)). Calculate the highest common divisor of 26 and g.
26
Suppose -6*s + 252 = 6*s. Calculate the highest common divisor of 252 and s.
21
Suppose -8*g + 2*g + 144 = 0. Suppose 23*b - g*b = -14. Calculate the greatest common factor of b and 112.
14
Let z(h) = h + 3. Let d be z(-3). Suppose -20 = -t - d*t. Calculate the greatest common divisor of 4 and t.
4
Let y(j) = -9*j + 7. Let f be y(-7). Suppose 2*d - 5*r - 9 = 0, -4*d + 3*r + 27 = 2*r. Calculate the highest common divisor of f and d.
7
Let l(r) = -r - 18*r + 2*r. Let w(k) = -k**2 + k + 1. Let p be w(-1). Let n be l(p). Calculate the highest common divisor of 187 and n.
17
Let h = -25 - -35. Let t(j) = -1 + 17 + j - 3. Let c be t(-9). What is the greatest common factor of h and c?
2
Let v be (-4582)/(-18) - 32/(-72). What is the highest common factor of 17 and v?
17
Suppose 6*d + 2*d - 168 = 0. Calculate the greatest common divisor of 105 and d.
21
Let b(t) = -6*t**3 - 2*t**2 + t - 2. Let i be b(-2). What is the greatest common factor of 12 and i?
12
Let h(p) = 10*p - 21. Let u be h(3). Calculate the highest common factor of 81 and u.
9
Let d(c) = -21*c**2 + 1. Let m be d(-1). Let v = m - -132. Calculate the greatest common divisor of v and 14.
14
Let o(z) = z**2 - z + 6. Let w be o(3). Suppose 0 = -y - 4*y + 240. What is the greatest common divisor of w and y?
12
Suppose 7 - 3 = k. Suppose k*f - 18 = -n + 34, 0 = -2*n - 2*f + 98. Suppose 0*q - 12 = -q. What is the highest common divisor of q and n?
12
Let d = 96 + -72. What is the highest common factor of 96 and d?
24
Let x = 112 + -202. Let d = 229 + x. Suppose -c - 5*u = -d, -2*u + 619 = 4*c - 3*u. Calculate the highest common factor of 14 and c.
14
Suppose -3*b + 4*b + 102 = 0. Let s(w) = 229*w**2 - 2*w + 1. Let m be s(1). Let a = m + b. Calculate the greatest common factor of 14 and a.
14
Let n be (-160)/(20/(-4))*6. What is the highest common divisor of 12 and n?
12
Let y be -20*-4*(-4)/(-32). Let w be 5/2*(1 - -7). What is the highest common factor of w and y?
10
Suppose x + 2 = 5, 2*z = 5*x + 37. What is the highest common factor of z and 130?
26
Let c be ((-5)/3)/((-4)/12). Suppose -c*h + 5*x = -95, -37 = -5*h - 2*x + 72. Calculate the greatest common divisor of 3 and h.
3
Let z be ((-4)/12)/((-1)/6). Suppose 0*a - 8 = -z*a, -i - 5*a = -27. Let g be (-77)/(-2)*4/2. Calculate the greatest common divisor of g and i.
7
Let m be (-6)/(-4) + (-2)/(-4). Suppose k + 7*d = m*d + 47, -119 = -5*k + 4*d. Let a = 22 - 19. Calculate the highest common divisor of a and k.
3
Let d(p) = 133*p**2 - 1. Let c be d(1). Let g = 11 + c. What is the greatest common divisor of g and 13?
13
Suppose -72 = -2*b - 2*l, -2*b + 5*l + 135 = 35. Let a(d) = 2*d**2 + 7*d + 4. Let p be a(-4). Calculate the highest common divisor of b and p.
8
Let x = -102 - -119. What is the highest common factor of x and 85?
17
Let d(s) = -s + 9. Let g be d(7). Suppose i = -5*l + 46, 0*i - 220 = -4*i - g*l. What is the highest common divisor of i and 8?
8
Suppose -14 = -3*o + 22. Calculate the highest common factor of o and 8.
4
Let m be (1 + -1)/(-1) + 108. Let l be 2/(-2 - m/(-51)). Calculate the greatest common divisor of l and 51.
17
Suppose 0 = -u + 56 + 14. Calculate the highest common factor of u and 28.
14
Let m(x) = -2*x - 9. Suppose -7 = -4*q + 13. Suppose q*l - 6 + 56 = 0. Let b be m(l). What is the highest common divisor of 22 and b?
11
Suppose -j + 3 = 2. Let k = 11 - j. Calculate the greatest common factor of 20 and k.
10
Suppose -4*f = -f. Suppose -3*y + 2*y + 6 = f. What is the highest common divisor of y and 18?
6
Let r be 3*(-14)/6*-1. Calculate the highest common factor of r and 21.
7
Suppose -3*w - 1 - 4 = -4*i, 0 = 5*w + 5*i + 20. Let c be (14/w)/((-4)/18). What is the greatest common factor of 84 and c?
21
Let x(v) = 3*v**2 + 7*v + 3. Let m be x(-9). Let b = m + -103. Calculate the highest common divisor of b and 20.
20
Let q = 7 + 1. Calculate the highest common divisor of q and 40.
8
Let c = -3 + 7. Suppose -4*o + 6*t - c*t = -18, -o - 2*t = 8. Calculate the highest common factor of 18 and o.
2
Let v = -4 - -8. Suppose 7 - 3 = -v*n. Let g be 1264/20 + n/5. Calculate the highest common factor of 9 and g.
9
Let v(j) = -8*j. Let c be v(-1). Calculate the highest common factor of 88 and c.
8
Let o(q) = -q**2 + q + 2. Let x be o(2). Suppose 0*g - 3*g + 12 = x. What is the highest common divisor of g and 12?
4
Let b be 650/4 - (-2)/(-4). Calculate the highest common divisor of b and 18.
18
Let m be (-3)/(-9) - (-8)/3. Let i = m - -9. Calculate the greatest common divisor of 48 and i.
12
Let h = 107 - 12. Let x(s) = -4*s**2 - 5*s + 4. Let j be x(-4). Let y = -2 - j. What is the highest common divisor of y and h?
19
Let j(g) = -28*g - 1. Let o = 7 - 8. Let p be j(o). Calculate the greatest common divisor of 3 and p.
3
Let p(n) = -n**3 + 10*n**2 - 6*n - 12. Let y be p(9). Let k(q) = 7*q + 1. Let t be k(3). Suppose -j = 7 - t. What is the greatest common divisor of y and j?
15
Let w be ((-18)/(-8))/(1/12). Let c(g) = 4*g + 6. Let u be c(-5). Let h = 23 + u. What is the highest common factor of w and h?
9
Let m be -1*(-1 + 2)/1. Let y = 13 + m. Calculate the greatest common divisor of 6 and y.
6
Suppose -m + w - 1 = 0, 5*m = -0*m - 4*w - 23. Let f be (14/m)/(10/(-45)). What is the greatest common divisor of f and 105?
21
Suppose 12*o - 17*o = -55. What is the greatest common factor of o and 11?
11
Let c = 5 - 3. What is the highest common divisor of c and 1?
1
Let x be (6/(-4) + 2)*12. What is the highest common divisor of 66 and x?
6
Let q be (-2)/(-3) - (-524)/6. What is the highest common divisor of 132 and q?
44
Suppose 2*n + 30 = 4*f, -4*f - 2 - 2 = 0. Let g = 47 + n. Calculate the highest common factor of g and 10.
10
Let v(o) = -76*o - 2. Let t be v(-2). What is the highest common factor of 6 and t?
6
Let r(p) = p - 4. Let c be r(3). Let y be (-13)/c + (-6 - -2). Calculate the highest common divisor of 99 and y.
9
Let w = 33 + -18. Suppose -30 = -5*